te?
False
Let d = 1720540 + -1023689. Is d a composite number?
False
Suppose -2*l = 25 + 43. Let u be (1 + -1 + -13)*l. Let d = 824 - u. Is d composite?
True
Suppose -7*x + 594514 = 7*x - 1430460. Is x composite?
True
Let c(i) = -643*i. Let t be c(-12). Suppose 19*u - t = 15*u. Suppose -5*n - 15 = 0, u = 3*j - n - n. Is j a composite number?
False
Let x(b) = 3*b**2 + 7*b + 4. Let p be x(-2). Let s = 7 + p. Suppose s*c - 5998 = -229. Is c prime?
True
Let s(k) = -k**3 - 19*k**2 - k - 8. Let q be s(-19). Let l be (1*(q - 2))/((-3)/(-81)). Is (-2 + l/(-4))/((-1)/4) composite?
False
Let b = -6 - -13. Suppose 3*j = b*j + 184. Let c = 343 - j. Is c a composite number?
False
Let m(b) = -b**3 + 14*b**2 - 21*b - 5. Let d = 174 + -163. Is m(d) a composite number?
False
Suppose -31*j + 153870 = -j. Let m = -2362 + j. Is m a composite number?
False
Let p(y) = 2*y - 47. Let n be p(25). Suppose -5*l = -25, 5*q - n*l + l - 3735 = 0. Is q prime?
False
Suppose -209*u - 58*u = -12278529. Is u a composite number?
True
Let p be (-3)/21 + (-144)/(-28) - -1004. Let m = p + -126. Is m a prime number?
True
Let w = -114 + 113. Is (-5827 - 2)*((-8)/6 - w) prime?
False
Let o = 497 - 984. Let f = o + 1910. Let r = -790 + f. Is r composite?
True
Let m be (7/(-21) - 29409/9)*-5. Suppose -3905 = -5*o + m. Is o composite?
False
Suppose -3*c = 5*j - 1767396, 2*c - 36*j = -26*j + 1178304. Is c a composite number?
True
Suppose -5*m + 13 = -2*y - 6, 25 = 5*m. Suppose -y*j - k = -7702 + 2020, j - 1896 = -k. Let c = j + -532. Is c composite?
False
Is 32834 + 3/12*(-10 + 30) composite?
False
Let z(y) = -965*y + 277. Is z(-8) a composite number?
True
Suppose 203 = -11*l + 2447. Is (((-948)/(-9))/2)/(8/l) a composite number?
True
Suppose 5*l = 6*l + 3*j, l - j = 0. Suppose -v - 7*p = -5*p - 8980, l = -3*v - 4*p + 26946. Is v prime?
False
Let z(h) = -3123*h**3 + 6*h**2 + 57*h + 37. Is z(-7) composite?
False
Let d(p) = 9*p**2 - 34*p - 13. Let q(x) = -x**3 - 11*x**2 + 27*x - 7. Let u be q(-13). Is d(u) prime?
False
Is (65074850/(-30))/((-9)/((-54)/(-10))) composite?
False
Let r be 0 + -3 + 1 + -3 - 4. Is 26/117 - 23659/r a prime number?
False
Let z = -928 - -2181. Let b = z + -822. Let p = 12 + b. Is p composite?
False
Suppose -69*r = -74*r + 45. Suppose -r*w + 15653 = 2*w. Is w prime?
True
Let r = 2574 - 3665. Let u = r - -7744. Is u a prime number?
True
Suppose -22 = -n - 0*n - 5*l, -n - 10 = -3*l. Let t = 1082 - 765. Suppose 0 = d - n*d + t. Is d prime?
True
Let u = -423 + 427. Suppose 0 = u*h + 13*p - 18*p - 7211, h + 3*p = 1790. Is h prime?
False
Suppose 6*u = -2*g + 4*u + 18, 2*g + 4*u = 28. Let q(z) = -1 + 5 - 4*z + g*z**2 - 14. Is q(8) a prime number?
False
Is 17396 - -16 - (7 - 6) prime?
False
Let b(i) = -109*i**2 - 3*i - 2. Let o be b(5). Suppose -27*l + 5*x = -31*l - 6339, 0 = -l - 5*x - 1566. Let c = l - o. Is c composite?
False
Suppose 0 = -2*j - 2*d + 574220, 246159 = 4*j - d - 902316. Is j composite?
False
Suppose -5*i + 3513297 = -4*w, 2*i + 49*w = 44*w + 1405332. Is i composite?
True
Suppose -412*u = -411*u - 42761. Is u prime?
False
Suppose 0 = 9*u - 9 - 9. Suppose 2*o + u*o + 3000 = -5*n, 3*n + 1763 = 5*o. Is (-4)/(-2)*n/(-8) a prime number?
True
Let y be 6/7*98/21. Suppose -2*w + 14 = 2*g + 2*w, -g + y = w. Is ((12 - -5)/(-1))/(g/(-73)) a composite number?
True
Let q = -87061 + 134492. Is q a composite number?
False
Let u(a) = -a**3 - 19*a**2 - 20*a - 41. Let w be u(-18). Is (w - 32/1)*(-11 + -2) a composite number?
True
Suppose 4*y = 4*b + 382592, -206*y + 201*y = -b - 478252. Is y prime?
True
Suppose 4*h - 6*h = 2. Let s be 1/h*0 + 798. Suppose 0 = -5*c + 15, 5*y - c + 2*c = s. Is y composite?
True
Let j = 11314 - 9917. Is j a composite number?
True
Let c = 391 - 376. Is (58264/20)/(6*1/c) a composite number?
False
Is ((-2 - 0) + 3)*(6202804 + 5)/9 composite?
False
Let n = 43489 - -11058. Is n prime?
True
Let i be 2/(-4)*(3 + 3). Let t be (-16)/(-12) - 17/i. Suppose -1808 + 7317 = t*r. Is r a composite number?
False
Let q(c) = -25*c - 4. Let d(w) = 8*w - 1. Let r(s) = -1. Let x(k) = d(k) - 2*r(k). Let v(m) = 4*q(m) + 11*x(m). Is v(-5) a composite number?
True
Let a be 4/14 + (-16)/56. Suppose -3*y - v + 848 = a, -v = -0*v + 1. Suppose 1913 - y = 10*q. Is q a composite number?
False
Let u(v) = 33745*v**2 + 9*v + 1. Is u(-1) a prime number?
False
Let m(q) = 55798*q**3 - 5*q + 6. Is m(1) a prime number?
True
Is 113456 - -36*(-28)/(-126)*1/(-8) a composite number?
True
Suppose -4*x - 50038 = -1042*k + 1040*k, -25023 = -k - 2*x. Is k a prime number?
False
Suppose 0 = 94*u - 93*u - h - 594961, 3*u - 1784843 = -2*h. Is u prime?
True
Let p(o) = 4*o**2 - 8*o**2 + 11*o - o**3 + 7 + o**2. Let m be p(-5). Is (-6)/(-12) - (-253)/m prime?
True
Suppose 12983 + 16887 = 10*t. Let k = -1770 + t. Is k composite?
False
Let t(b) = -b**2 - 6*b + 7. Let r be t(-7). Let j be (256 - -12) + (r - 0)/(-1). Suppose 3*z + j = 5*z. Is z a composite number?
True
Is (-1577164)/(-3)*(11 - (-410)/(-40)) a prime number?
True
Suppose -m = 3*n - 396036, -263*m - 2*n + 1584214 = -259*m. Is m prime?
False
Let t(k) = 212233*k**2 - 35*k + 1. Is t(-1) a composite number?
True
Suppose -679*h + 1529164 = -651*h. Is h prime?
False
Let q(h) be the first derivative of -h**4/4 + 2*h**3/3 + h**2/2 + 18295*h - 122. Is q(0) composite?
True
Let k(h) = 5*h**2 + 3*h - 4. Let x be k(1). Suppose -3*s - 10 = -x. Is (2 - (s + 0 - -7)) + 376 prime?
True
Is (-3 - 4611/(-15))*(-62270)/(-52) a prime number?
False
Let z be (2947/(-4) - 2)*200/(-15). Let d = -6688 + z. Suppose 7*s - d = s. Is s composite?
True
Let i = -183463 + 384150. Is i a prime number?
False
Suppose -1 = 3*h - 10. Is 5/(15/27544) + 2/h a prime number?
False
Let k be 4/3*3 + 1. Suppose -4*a + 12787 = 4*o + o, -3*a - k*o + 9584 = 0. Is a a composite number?
False
Let c(o) = -848*o - 37 + 8281*o + 88 - 1 + 38. Is c(5) composite?
False
Let i be 1 + 241 + (-5 - -8). Let u = i + -30. Let j = 231 + u. Is j a prime number?
False
Suppose 5*s = -z + 7*s + 1631, 0 = -s + 2. Is (1 + z)*(-4)/(-16) composite?
False
Is ((-276)/(-1104))/((-1 + (-220894)/(-220888))/3) prime?
True
Let y(c) = -198*c - 163. Let a(n) = 4*n - 23. Let r be a(2). Is y(r) a composite number?
True
Suppose -5*b = p + 24112 - 89566, 4*p - 5*b = 261941. Is p a prime number?
True
Let z = -708 - -675. Let d be 89*(0 + (-2 - -1)). Is (27 + z)*d/2 composite?
True
Let n be (0 + -53)*(21 + -42). Let y = n + 114. Is y composite?
True
Suppose -5*k - 2346465 = -32*k - 6*k. Is k a composite number?
True
Suppose 9 = -3*u, -3*t - 61*u = -59*u. Suppose -4*x + 31 = -9. Suppose -28 - x = -a + t*y, -5*y = -2*a + 76. Is a a prime number?
False
Suppose 5*p - 5 = 0, 0 = -3*x + 3*p - 5*p + 11. Let z(r) = -r**2 - 3660*r**3 + 2*r - 1 + x + 0*r**2 + 0. Is z(-1) prime?
True
Let u(d) = 16*d**2 + 4*d - 6. Let p be u(2). Suppose 0 = -p*h + 62*h - 20. Let v(o) = 57*o**2 - 18*o + 8. Is v(h) prime?
True
Suppose -18*i = q - 16*i - 283989, 16*q - 4544009 = 5*i. Is q a composite number?
True
Let i = 25414 + -16400. Suppose -3*q + 7213 = 4*x, -4*x - 3*q + i = x. Is x a composite number?
False
Let m be -1*8 + -2 + 4/1. Let i(f) = -195*f - 88. Is i(m) composite?
True
Suppose d - 197419 = -v, -958904 = -5*v + 4*d + 28191. Is v composite?
False
Is (-3)/((-189)/(-6)) + 23/(-966)*-1146982 prime?
False
Let z be (-5)/((-10)/4) - 0/(-5). Let n(r) = z*r**2 + 337 - r + 106 + r. Is n(0) a prime number?
True
Suppose c + 0*w = 2*w - 2, 0 = -3*c + 3*w + 3. Suppose 5*l - v - 5101 = -1433, -v = -c*l + 2935. Is l a composite number?
False
Let r = -568 + 636. Suppose -340456 = 60*k - r*k. Is k prime?
True
Let a(n) be the first derivative of 8*n**5/5 + 5*n**3/6 - 3*n**2/2 + 17*n - 7. Let k(b) be the first derivative of a(b). Is k(2) a prime number?
True
Suppose 33*n - 6*n = 945729. Is n a composite number?
False
Let x = -303329 - -461388. Is x a composite number?
True
Let j be 3 + (0 - -1)*(15 + -15). Suppose -1673 + 11768 = j*m. Is m a composite number?
True
Let y(n) be the first derivative of -3/2*n**2 + 9*n + 4*n**3 - 8. Is y(-4) a composite number?
True
Suppose -31682 - 15578 = -10*l. Let p = l - 3087. Is p a composite number?
True
Suppose 30*m = 37*m - 70623. Suppose 0 = j - 5*z - 10134, 4*j + 4*z = 3*j + m. Is j a prime number?
False
Let a(s) = -